{"id":3548,"date":"2026-08-28T17:56:43","date_gmt":"2026-08-28T15:56:43","guid":{"rendered":"https:\/\/matissart.com\/fr\/?post_type=agenda&#038;p=3548"},"modified":"2026-08-28T17:56:44","modified_gmt":"2026-08-28T15:56:44","slug":"semaine-europeenne-du-developpement-durable","status":"publish","type":"agenda","link":"https:\/\/matissart.com\/fr\/agenda-matissart\/semaine-europeenne-du-developpement-durable\/","title":{"rendered":"Semaine europ\u00e9enne du d\u00e9veloppement durable"},"content":{"rendered":"\n<p class=\"wp-block-paragraph\">Du <strong>18 septembre au 8 octobre 2026<\/strong>, la Semaine europ\u00e9enne du d\u00e9veloppement durable (SEDD) mobilise entreprises, collectivit\u00e9s, associations, \u00e9tablissements scolaires et citoyens autour d\u2019initiatives contribuant aux <strong>Objectifs de d\u00e9veloppement durable (ODD)<\/strong>.<\/p>\n\n\n\n<p class=\"wp-block-paragraph\">L\u2019\u00e9dition 2026 met notamment \u00e0 l\u2019honneur <strong>l\u2019alimentation durable<\/strong>, en lien avec la Strat\u00e9gie nationale pour l\u2019alimentation, la nutrition et le climat.<\/p>\n\n\n\n<p class=\"wp-block-paragraph\">Pour Matissart, cette nouvelle \u00e9dition est aussi l\u2019occasion de rappeler que la transition vers des mod\u00e8les plus durables concerne directement l\u2019industrie : <strong>r\u00e9duction des \u00e9missions, ma\u00eetrise des consommations, utilisation des ressources, dur\u00e9e de vie des \u00e9quipements, \u00e9conomie circulaire et recyclabilit\u00e9 des mat\u00e9riaux<\/strong>.<\/p>\n","protected":false},"featured_media":3549,"template":"","meta":{"_acf_changed":false,"inline_featured_image":false,"slim_seo":{"title":"Semaine europ\u00e9enne du d\u00e9veloppement durable - Matissart","description":"Du 18 septembre au 8 octobre 2026 , la Semaine europ\u00e9enne du d\u00e9veloppement durable (SEDD) mobilise entreprises, collectivit\u00e9s, associations, \u00e9tablissements scol"},"footnotes":""},"class_list":["post-3548","agenda","type-agenda","status-publish","has-post-thumbnail","hentry"],"acf":[],"_links":{"self":[{"href":"https:\/\/matissart.com\/fr\/wp-json\/wp\/v2\/agenda\/3548","targetHints":{"allow":["GET"]}}],"collection":[{"href":"https:\/\/matissart.com\/fr\/wp-json\/wp\/v2\/agenda"}],"about":[{"href":"https:\/\/matissart.com\/fr\/wp-json\/wp\/v2\/types\/agenda"}],"version-history":[{"count":1,"href":"https:\/\/matissart.com\/fr\/wp-json\/wp\/v2\/agenda\/3548\/revisions"}],"predecessor-version":[{"id":3550,"href":"https:\/\/matissart.com\/fr\/wp-json\/wp\/v2\/agenda\/3548\/revisions\/3550"}],"wp:featuredmedia":[{"embeddable":true,"href":"https:\/\/matissart.com\/fr\/wp-json\/wp\/v2\/media\/3549"}],"wp:attachment":[{"href":"https:\/\/matissart.com\/fr\/wp-json\/wp\/v2\/media?parent=3548"}],"curies":[{"name":"wp","href":"https:\/\/api.w.org\/{rel}","templated":true}]}}

Semaine européenne du développement durable

<p class="wp-block-paragraph">Du <strong>18 septembre au 8 octobre 2026</strong>, la Semaine européenne du développement durable (SEDD) mobilise entreprises, collectivités, associations, établissements scolaires et citoyens autour d’initiatives contribuant aux <strong>Objectifs de développement durable (ODD)</strong>.</p>



<p class="wp-block-paragraph">L’édition 2026 met notamment à l’honneur <strong>l’alimentation durable</strong>, en lien avec la Stratégie nationale pour l’alimentation, la nutrition et le climat.</p>



<p class="wp-block-paragraph">Pour Matissart, cette nouvelle édition est aussi l’occasion de rappeler que la transition vers des modèles plus durables concerne directement l’industrie : <strong>réduction des émissions, maîtrise des consommations, utilisation des ressources, durée de vie des équipements, économie circulaire et recyclabilité des matériaux</strong>.</p>

Semaine européenne du développement durable - Matissart

Du 18 septembre au 8 octobre 2026 , la Semaine européenne du développement durable (SEDD) mobilise entreprises, collectivités, associations, établissements scol
